{"id":2005,"date":"2021-02-18T10:00:36","date_gmt":"2021-02-18T08:00:36","guid":{"rendered":"https:\/\/www.maxxkredit.de\/kreditblog\/?page_id=2005"},"modified":"2021-02-18T17:06:32","modified_gmt":"2021-02-18T15:06:32","slug":"datenschutz","status":"publish","type":"page","link":"https:\/\/www.maxxkredit.de\/kreditblog\/datenschutz\/","title":{"rendered":"Datenschutzerkl\u00e4rung"},"content":{"rendered":"<p>Wir, die Finanzservice Meye \/ Maxxkredit GmbH, sind der Betreiber des Internetangebotes <a href=\"https:\/\/www.maxxkredit.de\">www.maxxkredit.de<\/a> und damit verantwortlich f\u00fcr den Umgang mit personenbezogenen Daten nach den Regelungen der EU-Datenschutzgrundverordnung<br \/>(EU-DSGVO) sowie des Telemediengesetzes (TMG). Wir halten uns an diese gesetzlichen Regelungen, sch\u00fctzen die pers\u00f6nlichen Daten unserer Nutzer und verwenden diese ausschlie\u00dflich im Sinne unserer T\u00e4tigkeit als Kreditvermittlung.<\/p>\n<p>Hier finden Sie unsere <a href=\"https:\/\/www.maxxkredit.de\/datenschutz.shtml\"><strong>Datenschutzerkl\u00e4rung<\/strong><\/a><br \/>\n<br \/>Bitte lesen Sie unsere Datenschutzerkl\u00e4rung sorgf\u00e4ltig und machen Sie sich mit deren Inhalt vertraut, da diese f\u00fcr die gesamte Nutzung unserer Website und unserer Dienste gilt. Wir hoffen, dass wir darin alle Fragen zur Speicherung und Verwendung Ihrer pers\u00f6nlichen Daten beantwortet haben. Sollten Sie dennoch weitere Informationen w\u00fcnschen, kontaktieren Sie uns bitte unter <a href=\"mailto:info@maxxkredit.de\">info@maxxkredit.de<\/a>.<\/p>\n","protected":false},"excerpt":{"rendered":"<p>Wir, die Finanzservice Meye \/ Maxxkredit GmbH, sind der Betreiber des Internetangebotes www.maxxkredit.de und damit verantwortlich f\u00fcr den Umgang mit personenbezogenen Daten nach den Regelungen der EU-Datenschutzgrundverordnung(EU-DSGVO) sowie des Telemediengesetzes (TMG). Wir halten uns an diese gesetzlichen Regelungen, sch\u00fctzen die pers\u00f6nlichen Daten unserer Nutzer und verwenden diese ausschlie\u00dflich im Sinne unserer T\u00e4tigkeit als Kreditvermittlung. Hier [&hellip;]<\/p>\n","protected":false},"author":25,"featured_media":0,"parent":0,"menu_order":3,"comment_status":"closed","ping_status":"closed","template":"","meta":{"footnotes":""},"class_list":["post-2005","page","type-page","status-publish","hentry"],"aioseo_notices":[],"_links":{"self":[{"href":"https:\/\/www.maxxkredit.de\/kreditblog\/wp-json\/wp\/v2\/pages\/2005","targetHints":{"allow":["GET"]}}],"collection":[{"href":"https:\/\/www.maxxkredit.de\/kreditblog\/wp-json\/wp\/v2\/pages"}],"about":[{"href":"https:\/\/www.maxxkredit.de\/kreditblog\/wp-json\/wp\/v2\/types\/page"}],"author":[{"embeddable":true,"href":"https:\/\/www.maxxkredit.de\/kreditblog\/wp-json\/wp\/v2\/users\/25"}],"replies":[{"embeddable":true,"href":"https:\/\/www.maxxkredit.de\/kreditblog\/wp-json\/wp\/v2\/comments?post=2005"}],"version-history":[{"count":0,"href":"https:\/\/www.maxxkredit.de\/kreditblog\/wp-json\/wp\/v2\/pages\/2005\/revisions"}],"wp:attachment":[{"href":"https:\/\/www.maxxkredit.de\/kreditblog\/wp-json\/wp\/v2\/media?parent=2005"}],"curies":[{"name":"wp","href":"https:\/\/api.w.org\/{rel}","templated":true}]}}